Let u(g) = -5*g - 15. Let c be u(-4). Suppose 29 + 29 = 4*k + 2*r, 0 = 5*k + c*r - 60. Calculate the greatest common divisor of k and 119.
17
Let i be (-50)/((3 - 4)*(-8)/(-8)). Calculate the greatest common divisor of 20 and i.
10
Let n = 76 - 53. Let l = n - -1. Suppose 2*q - 2 = -2*w, 2*w - 22 = 2*q - 0. Calculate the highest common factor of l and w.
6
Let i(h) = 4*h**3 - 2*h**2 + 1. Let m be i(1). Suppose -m*v - 2*v = 225. Let g = 149 + v. What is the greatest common divisor of 13 and g?
13
Let b(y) = 16*y. Let q = -6 - -17. Let z = -4 + q. Let k be b(z). What is the highest common divisor of k and 28?
28
Suppose -w + 2*w - 81 = 0. Suppose 0 = -3*k - 16 + 28. Suppose -20 = -k*i + 16. Calculate the highest common divisor of w and i.
9
Suppose -1235 = c - 6*c. Calculate the greatest common factor of c and 13.
13
Suppose 1830 + 458 = 8*t. Calculate the highest common factor of t and 1287.
143
Let z be 6/2 + -1 + 5. Let s(l) = l**3 - 7*l**2 + l + 6. Let w be s(z). Suppose -w*f + 17*f = 180. What is the greatest common divisor of f and 15?
15
Suppose -4*x - 4*g + 48 = 0, -4*x + 2*g + 3*g = -3. Calculate the highest common divisor of x and 91.
7
Let t = -291 + 345. What is the greatest common factor of t and 2?
2
Suppose 0*w = 16*w - 144. Calculate the highest common factor of w and 5.
1
Let w = 33 - 33. Suppose 0 = 2*y - r - 37, 2*r + w*r - 31 = -y. What is the greatest common divisor of y and 14?
7
Let q be (-1760)/(-18) - (224/(-36) + 6). What is the greatest common factor of 245 and q?
49
Let d = 21 - 11. Let p = 12 - d. Suppose -p*x = -27 - 63. Calculate the highest common divisor of x and 30.
15
Suppose 194 = i - 2*y, 3*y = 16 - 1. Let q(b) = -14*b - 198. Let l be q(-15). Calculate the greatest common factor of l and i.
12
Suppose 8*d = 365 + 2099. What is the highest common divisor of d and 385?
77
Let d = 95 + -44. Let w be 1/(5/30*9/d). Calculate the highest common factor of 238 and w.
34
Let g be 274 + 3/(2 - -1). What is the greatest common factor of 50 and g?
25
Let c be (3 - -2) + 4 + -7 + 3. Suppose -4*v - 1 - c = -q, 44 = 3*q + v. What is the greatest common divisor of q and 35?
7
Let x be -12 - (-15)/1 - 1*-33. What is the greatest common divisor of 711 and x?
9
Suppose y - 3*o - 7 = -0*o, 5*y + 3*o - 125 = 0. Let z be y/(-4 + 5 + 0). Calculate the greatest common divisor of z and 22.
22
Let q = 3 - 3. Let d be 6 - 1770/(-40) - 1/4. Suppose -d = -q*p - p. What is the highest common factor of 10 and p?
10
Suppose 110 = 18*s - 358. What is the greatest common divisor of 10 and s?
2
Let u be (0 - 1) + 9 - 1. Suppose 0 = -4*k - 2*o + 82, 102 = -11*k + 16*k + 3*o. What is the greatest common divisor of u and k?
7
Suppose 41*y = 40*y + 105. Let k be (-1)/1 + 2 + 14. What is the highest common divisor of y and k?
15
Let r(s) = s**2 - 43*s + 125. Let n be r(43). What is the greatest common factor of 25 and n?
25
Suppose -4*q + h = 3*h - 78, 0 = 2*q + 4*h - 48. Calculate the greatest common factor of q and 72.
18
Suppose -5*b = -7*b + 282. Let i = -73 + b. What is the highest common divisor of 34 and i?
34
Let t = -800 + 855. Calculate the highest common factor of 30 and t.
5
Let w = -35 - -50. Suppose -w = -j - 0*j. Let o(b) = 3*b - 5. Let h be o(j). Calculate the highest common factor of h and 4.
4
Suppose j - 8 = -i, 2*j - 15 = 3*i + 6. Suppose 3*g - 6 - j = 0. Suppose 2*q - q - 2*f = 18, q - 33 = g*f. What is the greatest common factor of 8 and q?
8
Suppose 3*t - 13 = -1. Let w(a) = -a - 2. Let f be w(-5). Suppose -3*p = -5*l - 96, -f*p - 5*l + 55 + 41 = 0. Calculate the greatest common factor of t and p.
4
Suppose 0 = -7*z + 33 + 37. Let y be (-4)/z - 3582/(-30). Let i(o) = o + 4. Let w be i(13). What is the greatest common divisor of w and y?
17
Suppose -8*o + 34 - 2 = 0. Let s be (-1)/o - (-507)/12. Calculate the greatest common divisor of 14 and s.
14
Suppose 7*k = -97 - 71. Let u be (k/(-7))/(16/168). Let g = -26 - -50. Calculate the greatest common factor of u and g.
12
Let s(c) be the first derivative of 99*c**2/2 + c + 48. Suppose 0*b = 4*b - 4. Let u be s(b). What is the highest common divisor of 20 and u?
20
Let j(a) = -a**3 - 15*a**2 - 16*a - 13. Let x be j(-14). Suppose -x*z = -2*z - 312. Calculate the highest common divisor of z and 3.
3
Suppose 2*z = s - 31, -z - 62 = -4*s + 41. Calculate the highest common divisor of 275 and s.
25
Let v = -36 + 39. Let i be -5*(1001/(-70))/(v/6). What is the highest common factor of 13 and i?
13
Suppose 3*s - 4 - 50 = 0. Let u = -75 + 18. Let l = u - -84. What is the highest common divisor of s and l?
9
Suppose 0*o - 3*o = -5*w + 337, -4*o = 16. Let z = -93 + 101. Suppose z*c = -83 + 291. What is the highest common divisor of c and w?
13
Suppose -6*m = -132 - 168. Suppose -m*o - 260 = -55*o. Calculate the greatest common factor of 26 and o.
26
Suppose 7*j - 2*j - 25 = 0. Let f(z) be the third derivative of -z**4/24 + 5*z**3/2 - 6*z**2. Let t be f(10). What is the greatest common factor of t and j?
5
Suppose -f + 228 = 2*f. Suppose 0 = -3*w - q + 37, 4*w + 5*q = f - 23. Calculate the greatest common divisor of w and 120.
12
Let j(z) = 8 + 13 - 12*z + 39*z. Let f be j(7). Calculate the highest common divisor of 84 and f.
42
Let c = -37 - -46. Let l = c + 5. What is the greatest common divisor of 28 and l?
14
Suppose 3*d + 5*j = j - 2, -2*d - j + 7 = 0. Suppose d*z - 63 = -15. Suppose -15 = -5*h + 265. What is the greatest common divisor of h and z?
8
Let y = 1199 - 349. Calculate the highest common divisor of 50 and y.
50
Let i(g) = g**2 - 3. Let l = 37 - 34. Let p be i(l). Calculate the greatest common factor of 12 and p.
6
Let b be 5/(-2)*806/(-65). Calculate the greatest common factor of 775 and b.
31
Suppose -11*a + 6*a = -40. Let i be 13/3 + a/12. Calculate the highest common divisor of i and 1.
1
Let c be (648/60)/(8/1340). What is the greatest common divisor of 67 and c?
67
Let t(q) = 5*q**2 - 12*q + 55. Let x be t(7). What is the highest common factor of 99 and x?
9
Suppose 2*x + 2*y - 4 = -0*y, 2*x - 2*y = 8. Let h be ((-8)/x - -2) + (-280)/(-24). What is the highest common divisor of h and 11?
11
Let u be (37/(-3))/(2/6). Let s(z) = -z**3 - z**2 - 17. Let a be s(0). Let y = a - u. What is the highest common factor of y and 50?
10
Let b = 1 + 39. Let t(f) = 7*f**2 + 3*f - 2. Let u be t(1). What is the highest common factor of b and u?
8
Let g be 2/(-6) - 756/(-81). What is the greatest common factor of g and 3?
3
Suppose -6542 - 9650 = -46*v. Calculate the highest common divisor of v and 64.
32
Let v(t) = -t**2 + 16*t - 11. Let k be v(11). Suppose 0 = 34*n - 38*n + k. Calculate the highest common factor of n and 77.
11
Let g be 9/(-15) - 772/(-20). What is the greatest common divisor of g and 2?
2
Let i = -477 + -608. Let k be (-4)/24 + i/(-30). Calculate the highest common divisor of k and 9.
9
Let n be (-2 - (-7)/3) + (-124)/12. Let z(v) = v**3 + 10*v**2 - 6*v - 28. Let a be z(n). Calculate the greatest common factor of a and 48.
16
Suppose y - 1 = 4. Let l be (-2)/y + (0 - 344/(-10)). What is the greatest common divisor of 68 and l?
34
Suppose 97 + 296 = 4*u - 5*a, 0 = 3*u - 3*a - 291. What is the highest common divisor of u and 69?
23
Let k be 4/6 - (-60)/18. Suppose -4*c = h - 86, -k*c + 3*c = h - 98. Suppose 3*d = 2*d + h. Calculate the greatest common divisor of d and 17.
17
Suppose -44*s + 41*s = -3*z - 4689, 4*s = -4*z + 6276. What is the highest common divisor of 58 and s?
58
Let g be ((-25)/20)/((-3)/144). Let x be ((-6)/(-5))/(3/g). Suppose -36 - x = -3*d. Calculate the greatest common divisor of 10 and d.
10
Suppose -p = -6*p + 855. Let o be 2/(-7) - (-1138)/14. Suppose -5*j = 4*d - o, -5*j = -0*d + d - 24. Calculate the highest common factor of p and d.
19
Let f = -776 + 854. What is the greatest common divisor of 90 and f?
6
Let y be (8 - 90/(-20))/(1/14). What is the greatest common factor of 28 and y?
7
Let w(c) = c**2 + 5*c + 2. Let f be w(-3). Let s = f + 19. Suppose 2*o - 2*g = 12, -5*o + 24 = 2*g - 5*g. What is the highest common divisor of s and o?
3
Suppose -201*x = -200*x - 50. Suppose -5*p = -3*t + 75, -t = -3*t - 2*p + 34. Calculate the highest common factor of x and t.
10
Let w = 11 - 4. Suppose -195*t = -6208 - 11537. Calculate the greatest commo